13
What is the remainder when 427 is divided by 33?
31
What is the remainder when 7422 is divided by 58?
56
What is the remainder when 564 is divided by 49?
25
What is the remainder when 493 is divided by 24?
13
What is the remainder when 2695 is divided by 93?
91
Calculate the remainder when 1397 is divided by 119.
88
What is the remainder when 163 is divided by 55?
53
Calculate the remainder when 190 is divided by 62.
4
What is the remainder when 2267 is divided by 73?
4
What is the remainder when 3608 is divided by 19?
17
Calculate the remainder when 1341 is divided by 7.
4
What is the remainder when 187 is divided by 97?
90
What is the remainder when 204 is divided by 46?
20
What is the remainder when 3550 is divided by 74?
72
Calculate the remainder when 21 is divided by 13.
8
Calculate the remainder when 89 is divided by 18.
17
What is the remainder when 24 is divided by 5?
4
Calculate the remainder when 214 is divided by 14.
4
Calculate the remainder when 15 is divided by 1.
0
What is the remainder when 337 is divided by 18?
13
Calculate the remainder when 413 is divided by 101.
9
What is the remainder when 218 is divided by 81?
56
What is the remainder when 1970 is divided by 60?
50
What is the remainder when 34 is divided by 7?
6
What is the remainder when 207 is divided by 27?
18
What is the remainder when 1501 is divided by 65?
6
Calculate the remainder when 731 is divided by 92.
87
What is the remainder when 89 is divided by 31?
27
Calculate the remainder when 7733 is divided by 351.
11
Calculate the remainder when 1024 is divided by 25.
24
Calculate the remainder when 1065 is divided by 266.
1
What is the remainder when 174 is divided by 40?
14
What is the remainder when 571 is divided by 14?
11
Calculate the remainder when 2640 is divided by 2635.
5
What is the remainder when 230 is divided by 13?
9
Calculate the remainder when 4328 is divided by 70.
58
What is the remainder when 5129 is divided by 87?
83
What is the remainder when 176 is divided by 89?
87
What is the remainder when 9797 is divided by 7?
4
Calculate the remainder when 1554 is divided by 82.
78
What is the remainder when 86 is divided by 84?
2
Calculate the remainder when 1966 is divided by 5.
1
What is the remainder when 791 is divided by 11?
10
Calculate the remainder when 256 is divided by 43.
41
What is the remainder when 775 is divided by 65?
60
Calculate the remainder when 75 is divided by 27.
21
Calculate the remainder when 3207 is divided by 15.
12
What is the remainder when 142 is divided by 55?
32
What is the remainder when 738 is divided by 20?
18
What is the remainder when 71 is divided by 12?
11
Calculate the remainder when 33 is divided by 13.
7
Calculate the remainder when 188 is divided by 45.
8
Calculate the remainder when 110 is divided by 14.
12
What is the remainder when 159 is divided by 58?
43
Calculate the remainder when 71 is divided by 50.
21
What is the remainder when 1574 is divided by 78?
14
Calculate the remainder when 281 is divided by 19.
15
Calculate the remainder when 506 is divided by 256.
250
What is the remainder when 657 is divided by 242?
173
What is the remainder when 2547 is divided by 25?
22
What is the remainder when 47 is divided by 10?
7
What is the remainder when 77 is divided by 8?
5
What is the remainder when 896 is divided by 38?
22
Calculate the remainder when 385 is divided by 102.
79
What is the remainder when 12175 is divided by 35?
30
Calculate the remainder when 94 is divided by 12.
10
Calculate the remainder when 236 is divided by 40.
36
What is the remainder when 33290 is divided by 82?
80
Calculate the remainder when 154 is divided by 10.
4
What is the remainder when 5485 is divided by 211?
210
What is the remainder when 554 is divided by 15?
14
What is the remainder when 10393 is divided by 281?
277
Calculate the remainder when 2207 is divided by 48.
47
Calculate the remainder when 1088 is divided by 295.
203
Calculate the remainder when 83 is divided by 6.
5
Calculate the remainder when 1486 is divided by 742.
2
What is the remainder when 538 is divided by 118?
66
What is the remainder when 153 is divided by 74?
5
What is the remainder when 1981 is divided by 657?
10
Calculate the remainder when 432 is divided by 52.
16
What is the remainder when 385 is divided by 179?
27
Calculate the remainder when 9320 is divided by 18.
14
Calculate the remainder when 40 is divided by 14.
12
What is the remainder when 235 is divided by 79?
77
Calculate the remainder when 2567 is divided by 37.
14
Calculate the remainder when 69 is divided by 29.
11
What is the remainder when 173 is divided by 16?
13
Calculate the remainder when 608 is divided by 13.
10
Calculate the remainder when 1611 is divided by 31.
30
What is the remainder when 981 is divided by 7?
1
What is the remainder when 105 is divided by 48?
9
What is the remainder when 3259 is divided by 297?
289
Calculate the remainder when 38308 is divided by 15.
13
Calculate the remainder when 430 is divided by 87.
82
Calculate the remainder when 432 is divided by 73.
67
What is the remainder when 92 is divided by 20?
12
Calculate the remainder when 381 is divided by 359.
22
Calculate the remainder when 677 is divided by 298.
81
Calculate the remainder when 165 is divided by 25.
15
What is the remainder when 504 is divided by 126?
0
What is the remainder when 296 is divided by 250?
46
What is the remainder when 208 is divided by 54?
46
What is the remainder when 13793 is divided by 21?
17
What is the remainder when 483 is divided by 160?
3
What is the remainder when 3068 is divided by 32?
28
Calculate the remainder when 110 is divided by 38.
34
What is the remainder when 853 is divided by 95?
93
What is the remainder when 90 is divided by 33?
24
Calculate the remainder when 72 is divided by 32.
8
What is the remainder when 1580 is divided by 226?
224
Calculate the remainder when 1080 is divided by 292.
204
Calculate the remainder when 233 is divided by 59.
56
What is the remainder when 190 is divided by 12?
10
Calculate the remainder when 2392 is divided by 17.
12
Calculate the remainder when 314 is divided by 17.
8
What is the remainder when 169 is divided by 17?
16
What is the remainder when 278 is divided by 35?
33
What is the remainder when 114 is divided by 15?
9
Calculate the remainder when 77 is divided by 24.
5
What is the remainder when 4081 is divided by 409?
400
Calculate the remainder when 16054 is divided by 159.
154
What is the remainder when 652 is divided by 161?
8
Calculate the remainder when 62 is divided by 49.
13
Calculate the remainder when 97 is divided by 12.
1
Calculate the remainder when 866 is divided by 53.
18
What is the remainder when 209 is divided by 21?
20
Calculate the remainder when 3318 is divided by 81.
78
Calculate the remainder when 15462 is divided by 22.
18
Calculate the remainder when 146 is divided by 102.
44
What is the remainder when 8268 is divided by 9?
6
What is the remainder when 138 is divided by 3?
0
Calculate the remainder when 25 is divided by 15.
10
What is the remainder when 130 is divided by 31?
6
What is the remainder when 5016 is divided by 313?
8
What is the remainder when 147 is divided by 17?
11
Calculate the remainder when 251 is divided by 126.
125
Calculate the remainder when 4055 is divided by 169.
168
What is the remainder when 549 is divided by 134?
13
What is the remainder when 361 is divided by 13?
10
Calculate the remainder when 86 is divided by 8.
6
What is the remainder when 1312 is divided by 7?
3
What is the remainder when 169 is divided by 4?
1
Calculate the remainder when 370 is divided by 23.
2
What is the remainder when 910 is divided by 134?
106
Calculate the remainder when 1296 is divided by 643.
10
What is the remainder when 307 is divided by 31?
28
What is the remainder when 418 is divided by 161?
96
What is the remainder when 328 is divided by 1?
0
What is the remainder when 620 is divided by 610?
10
Calculate the remainder when 255 is divided by 29.
23
Calculate the remainder when 2091 is divided by 23.
21
Calculate the remainder when 37 is divided by 5.
2
Calculate the remainder when 8236 is divided by 11.
8
What is the remainder when 616 is divided by 84?
28
Calculate the remainder 